{"id":316,"date":"2026-01-01T13:32:20","date_gmt":"2026-01-01T13:32:20","guid":{"rendered":"https:\/\/luxamedya.com\/?page_id=316"},"modified":"2026-02-18T03:33:02","modified_gmt":"2026-02-18T03:33:02","slug":"misyonumuz","status":"publish","type":"page","link":"https:\/\/luxamedya.com\/index.php\/misyonumuz\/","title":{"rendered":"Misyonumuz"},"content":{"rendered":"<style>.elementor-316 .elementor-element.elementor-element-4fe1c690:not(.elementor-motion-effects-element-type-background), .elementor-316 .elementor-element.elementor-element-4fe1c690 > .elementor-motion-effects-container > .elementor-motion-effects-layer{background-color:var( --e-global-color-primary );}.elementor-316 .elementor-element.elementor-element-4fe1c690 > .elementor-background-overlay{background-image:url(\"https:\/\/luxamedya.com\/wp-content\/uploads\/2025\/12\/overlay-hero.png\");background-position:0px 290px;background-repeat:no-repeat;background-size:100% auto;opacity:0.25;transition:background 0.3s, border-radius 0.3s, opacity 0.3s;}.elementor-316 .elementor-element.elementor-element-4fe1c690.elementor-section.jkit-sticky-element--enabled.sticky-pinned.jkit-sticky-element-on--down{top:0px;}.elementor-316 .elementor-element.elementor-element-4fe1c690.elementor-section.jkit-sticky-element--enabled.sticky-pinned.jkit-sticky-element-on--both{top:0px;bottom:0px;}#wpadminbar ~ .elementor-316 .elementor-element.elementor-element-4fe1c690.elementor-section.jkit-sticky-element--enabled.sticky-pinned.jkit-sticky-element-on--down, #wpadminbar ~ * .elementor-316 .elementor-element.elementor-element-4fe1c690.elementor-section.jkit-sticky-element--enabled.sticky-pinned.jkit-sticky-element-on--down{top:calc(0px + var(--wpadminbar-height, 0px));}#wpadminbar ~ .elementor-316 .elementor-element.elementor-element-4fe1c690.elementor-section.jkit-sticky-element--enabled.sticky-pinned.jkit-sticky-element-on--both, #wpadminbar ~ * .elementor-316 .elementor-element.elementor-element-4fe1c690.elementor-section.jkit-sticky-element--enabled.sticky-pinned.jkit-sticky-element-on--both{top:calc(0px + var(--wpadminbar-height, 0px));}.elementor-316 .elementor-element.elementor-element-4fe1c690.elementor-section.jkit-sticky-element--enabled.sticky-pinned.jkit-sticky-element-on--up{bottom:0px;}.elementor-316 .elementor-element.elementor-element-4fe1c690 > .elementor-container{max-width:1200px;}.elementor-316 .elementor-element.elementor-element-4fe1c690 .elementor-background-overlay{filter:brightness( 90% ) contrast( 65% ) saturate( 0% ) blur( 0px ) hue-rotate( 0deg );}.elementor-316 .elementor-element.elementor-element-4fe1c690{transition:background 0.3s, border 0.3s, border-radius 0.3s, box-shadow 0.3s;margin-top:-128px;margin-bottom:0px;padding:200px 0px 200px 0px;z-index:0;}.elementor-316 .elementor-element.elementor-element-4fe1c690.elementor-section.jkit-sticky-element--enabled.sticky-pinned{background-color:var( --e-global-color-primary );}.elementor-316 .elementor-element.elementor-element-4fe1c690.elementor-section.jkit-sticky-element--enabled{z-index:0;}.elementor-316 .elementor-element.elementor-element-2eb36dfc{z-index:3;}.elementor-316 .elementor-element.elementor-element-13816ee2 > .elementor-container{max-width:1200px;}.elementor-316 .elementor-element.elementor-element-13816ee2{padding:0px 0px 0px 0px;}.elementor-316 .elementor-element.elementor-element-5b832256 > .elementor-element-populated{padding:0px 0px 0px 0px;}.elementor-316 .elementor-element.elementor-element-704a70de{text-align:center;}.elementor-316 .elementor-element.elementor-element-704a70de .elementor-heading-title{font-family:var( --e-global-typography-b8b7de3-font-family ), Sans-serif;font-size:var( --e-global-typography-b8b7de3-font-size );font-weight:var( --e-global-typography-b8b7de3-font-weight );line-height:var( --e-global-typography-b8b7de3-line-height );letter-spacing:var( --e-global-typography-b8b7de3-letter-spacing );word-spacing:var( --e-global-typography-b8b7de3-word-spacing );color:var( --e-global-color-accent );}.elementor-316 .elementor-element.elementor-element-7186f0a0{padding:0px 40px 0px 40px;z-index:1;text-align:center;}.elementor-316 .elementor-element.elementor-element-7186f0a0 .elementor-heading-title{font-family:\"Bai Jamjuree\", Sans-serif;font-size:70px;font-weight:600;text-transform:uppercase;line-height:1em;color:var( --e-global-color-secondary );}.elementor-316 .elementor-element.elementor-element-178b2d39{width:auto;max-width:auto;top:-4px;z-index:0;}body:not(.rtl) .elementor-316 .elementor-element.elementor-element-178b2d39{left:74px;}body.rtl .elementor-316 .elementor-element.elementor-element-178b2d39{right:74px;}.elementor-316 .elementor-element.elementor-element-178b2d39 img{width:90px;}.elementor-316 .elementor-element.elementor-element-5d3f3994{--spacer-size:350px;}.elementor-316 .elementor-element.elementor-element-66ae8347 > .elementor-container{max-width:1200px;}.elementor-316 .elementor-element.elementor-element-3fa2d098{margin-top:-680px;margin-bottom:0px;padding:0px 0px 0px 0px;}.elementor-316 .elementor-element.elementor-element-36c4f310 > .elementor-element-populated{padding:0px 0px 0px 0px;}.elementor-316 .elementor-element.elementor-element-5d3e8e4c:not(.elementor-motion-effects-element-type-background), .elementor-316 .elementor-element.elementor-element-5d3e8e4c > .elementor-motion-effects-container > .elementor-motion-effects-layer{background-image:url(\"https:\/\/luxamedya.com\/wp-content\/uploads\/2026\/02\/koyu-kirmizi.png\");background-position:bottom center;background-repeat:no-repeat;background-size:cover;}.elementor-316 .elementor-element.elementor-element-5d3e8e4c{transition:background 0.3s, border 0.3s, border-radius 0.3s, box-shadow 0.3s;}.elementor-316 .elementor-element.elementor-element-5d3e8e4c > .elementor-background-overlay{transition:background 0.3s, border-radius 0.3s, opacity 0.3s;}.elementor-316 .elementor-element.elementor-element-53e56c61 > .elementor-element-populated{padding:0px 0px 0px 0px;}.elementor-316 .elementor-element.elementor-element-3d088e3{--spacer-size:700px;}.elementor-316 .elementor-element.elementor-element-6814262{--display:flex;--flex-direction:row;--container-widget-width:initial;--container-widget-height:100%;--container-widget-flex-grow:1;--container-widget-align-self:stretch;--flex-wrap-mobile:wrap;--gap:0px 0px;--row-gap:0px;--column-gap:0px;}.elementor-316 .elementor-element.elementor-element-6814262:not(.elementor-motion-effects-element-type-background), .elementor-316 .elementor-element.elementor-element-6814262 > .elementor-motion-effects-container > .elementor-motion-effects-layer{background-color:#FFFFFF;}.elementor-316 .elementor-element.elementor-element-de90e1d{--display:flex;--flex-direction:column;--container-widget-width:100%;--container-widget-height:initial;--container-widget-flex-grow:0;--container-widget-align-self:initial;--flex-wrap-mobile:wrap;}.elementor-316 .elementor-element.elementor-element-2c31f5f.elementor-element{--align-self:flex-start;}.elementor-316 .elementor-element.elementor-element-2c31f5f{z-index:1;border-radius:50px 50px 50px 50px;box-shadow:-25px 10px 10px 0px rgba(162.04305267333984, 162.04305267333984, 162.04305267333984, 0.5);}.elementor-316 .elementor-element.elementor-element-2c31f5f .elementor-wrapper{--video-aspect-ratio:0.5625;}.elementor-316 .elementor-element.elementor-element-769d5bf{--display:flex;--flex-direction:column;--container-widget-width:100%;--container-widget-height:initial;--container-widget-flex-grow:0;--container-widget-align-self:initial;--flex-wrap-mobile:wrap;}.elementor-316 .elementor-element.elementor-element-e0bb214 .elementor-heading-title{font-size:38px;}@media(min-width:768px){.elementor-316 .elementor-element.elementor-element-de90e1d{--width:33.3333%;}.elementor-316 .elementor-element.elementor-element-769d5bf{--width:66.6666%;}}@media(max-width:1024px){.elementor-316 .elementor-element.elementor-element-4fe1c690 > .elementor-background-overlay{background-position:-42px 248px;background-size:120% auto;}.elementor-316 .elementor-element.elementor-element-4fe1c690{margin-top:-70px;margin-bottom:0px;padding:180px 0px 0px 0px;}.elementor-316 .elementor-element.elementor-element-2eb36dfc > .elementor-element-populated{padding:0px 20px 0px 20px;}.elementor-316 .elementor-element.elementor-element-704a70de .elementor-heading-title{font-size:var( --e-global-typography-b8b7de3-font-size );line-height:var( --e-global-typography-b8b7de3-line-height );letter-spacing:var( --e-global-typography-b8b7de3-letter-spacing );word-spacing:var( --e-global-typography-b8b7de3-word-spacing );}.elementor-316 .elementor-element.elementor-element-7186f0a0{padding:0px 40px 0px 40px;}.elementor-316 .elementor-element.elementor-element-7186f0a0 .elementor-heading-title{font-size:55px;}.elementor-316 .elementor-element.elementor-element-178b2d39{width:auto;max-width:auto;top:21px;}body:not(.rtl) .elementor-316 .elementor-element.elementor-element-178b2d39{left:141px;}body.rtl .elementor-316 .elementor-element.elementor-element-178b2d39{right:141px;}.elementor-316 .elementor-element.elementor-element-178b2d39 img{width:55px;}.elementor-316 .elementor-element.elementor-element-5d3f3994{--spacer-size:250px;}.elementor-316 .elementor-element.elementor-element-3fa2d098{margin-top:-350px;margin-bottom:0px;}.elementor-316 .elementor-element.elementor-element-5d3e8e4c:not(.elementor-motion-effects-element-type-background), .elementor-316 .elementor-element.elementor-element-5d3e8e4c > .elementor-motion-effects-container > .elementor-motion-effects-layer{background-position:bottom center;background-repeat:no-repeat;background-size:100% auto;}.elementor-316 .elementor-element.elementor-element-3d088e3{--spacer-size:300px;}}@media(max-width:767px){.elementor-316 .elementor-element.elementor-element-4fe1c690 > .elementor-background-overlay{background-position:0px 223px;background-size:180% auto;opacity:0.32;}.elementor-316 .elementor-element.elementor-element-4fe1c690{margin-top:-70px;margin-bottom:0px;padding:130px 0px 0px 0px;}.elementor-316 .elementor-element.elementor-element-704a70de{padding:0px 0px 5px 0px;text-align:left;}.elementor-316 .elementor-element.elementor-element-704a70de .elementor-heading-title{font-size:var( --e-global-typography-b8b7de3-font-size );line-height:var( --e-global-typography-b8b7de3-line-height );letter-spacing:var( --e-global-typography-b8b7de3-letter-spacing );word-spacing:var( --e-global-typography-b8b7de3-word-spacing );}.elementor-316 .elementor-element.elementor-element-7186f0a0{padding:0px 0px 5px 0px;text-align:left;}.elementor-316 .elementor-element.elementor-element-7186f0a0 .elementor-heading-title{font-size:40px;}body:not(.rtl) .elementor-316 .elementor-element.elementor-element-178b2d39{left:-12px;}body.rtl .elementor-316 .elementor-element.elementor-element-178b2d39{right:-12px;}.elementor-316 .elementor-element.elementor-element-178b2d39{top:32px;}.elementor-316 .elementor-element.elementor-element-178b2d39 img{width:40px;}.elementor-316 .elementor-element.elementor-element-5d3f3994{--spacer-size:280px;}.elementor-316 .elementor-element.elementor-element-3fa2d098{margin-top:-200px;margin-bottom:0px;}.elementor-316 .elementor-element.elementor-element-5d3e8e4c:not(.elementor-motion-effects-element-type-background), .elementor-316 .elementor-element.elementor-element-5d3e8e4c > .elementor-motion-effects-container > .elementor-motion-effects-layer{background-position:bottom center;background-repeat:no-repeat;background-size:200% auto;}.elementor-316 .elementor-element.elementor-element-3d088e3{--spacer-size:220px;}.elementor-316 .elementor-element.elementor-element-de90e1d{--margin-top:35px;--margin-bottom:0px;--margin-left:0px;--margin-right:0px;}.elementor-316 .elementor-element.elementor-element-e0bb214 .elementor-heading-title{font-size:27px;}}<\/style>\t\t<div data-elementor-type=\"wp-page\" data-elementor-id=\"316\" class=\"elementor elementor-316\">\n\t\t\t\t\t\t<section class=\"elementor-section elementor-top-section elementor-element elementor-element-4fe1c690 jkit-sticky-element--enabled jkit-sticky-element-on--both elementor-section-boxed elementor-section-height-default elementor-section-height-default\" data-id=\"4fe1c690\" data-element_type=\"section\" data-settings=\"{&quot;background_background&quot;:&quot;classic&quot;,&quot;jkit_sticky_device&quot;:[&quot;desktop&quot;,&quot;tablet&quot;,&quot;mobile&quot;],&quot;jkit_sticky_top_position&quot;:{&quot;unit&quot;:&quot;px&quot;,&quot;size&quot;:0,&quot;sizes&quot;:[]},&quot;jkit_sticky_bottom_position&quot;:{&quot;unit&quot;:&quot;px&quot;,&quot;size&quot;:0,&quot;sizes&quot;:[]}}\">\n\t\t\t\t\t\t\t<div class=\"elementor-background-overlay\"><\/div>\n\t\t\t\t\t\t\t<div class=\"elementor-container elementor-column-gap-default\">\n\t\t\t\t\t<div class=\"elementor-column elementor-col-100 elementor-top-column elementor-element elementor-element-2eb36dfc\" data-id=\"2eb36dfc\" data-element_type=\"column\">\n\t\t\t<div class=\"elementor-widget-wrap elementor-element-populated\">\n\t\t\t\t\t\t<section class=\"elementor-section elementor-inner-section elementor-element elementor-element-13816ee2 elementor-section-boxed elementor-section-height-default elementor-section-height-default\" data-id=\"13816ee2\" data-element_type=\"section\">\n\t\t\t\t\t\t<div class=\"elementor-container elementor-column-gap-no\">\n\t\t\t\t\t<div class=\"elementor-column elementor-col-100 elementor-inner-column elementor-element elementor-element-5b832256\" data-id=\"5b832256\" data-element_type=\"column\">\n\t\t\t<div class=\"elementor-widget-wrap elementor-element-populated\">\n\t\t\t\t\t\t<div class=\"elementor-element elementor-element-704a70de elementor-widget elementor-widget-heading\" data-id=\"704a70de\" data-element_type=\"widget\" data-widget_type=\"heading.default\">\n\t\t\t\t\t<h6 class=\"elementor-heading-title elementor-size-default\">M\u0130SYONUMUZ<\/h6>\t\t\t\t<\/div>\n\t\t\t\t<div class=\"elementor-element elementor-element-7186f0a0 elementor-invisible elementor-widget elementor-widget-heading\" data-id=\"7186f0a0\" data-element_type=\"widget\" data-settings=\"{&quot;_animation_delay&quot;:&quot;100&quot;,&quot;_animation&quot;:&quot;fadeInUp&quot;}\" data-widget_type=\"heading.default\">\n\t\t\t\t\t<h1 class=\"elementor-heading-title elementor-size-default\">G\u00f6r\u00fcn\u00fcrl\u00fc\u011f\u00fcn \u00d6tesinde, Dijitalde S\u00fcrd\u00fcr\u00fclebilir Otorite<\/h1>\t\t\t\t<\/div>\n\t\t\t\t<div class=\"elementor-element elementor-element-178b2d39 elementor-widget__width-auto elementor-absolute animated-fast elementor-widget-tablet__width-auto elementor-hidden-tablet elementor-hidden-mobile elementor-invisible elementor-widget elementor-widget-image\" data-id=\"178b2d39\" data-element_type=\"widget\" data-settings=\"{&quot;_position&quot;:&quot;absolute&quot;,&quot;_animation&quot;:&quot;rotateIn&quot;,&quot;_animation_delay&quot;:&quot;500&quot;}\" data-widget_type=\"image.default\">\n\t\t\t\t\t\t\t\t\t\t\t\t\t\t\t<img fetchpriority=\"high\" decoding=\"async\" width=\"501\" height=\"501\" src=\"https:\/\/luxamedya.com\/wp-content\/uploads\/2026\/02\/luxa-seffaf.png\" class=\"attachment-large size-large wp-image-589\" alt=\"\" srcset=\"https:\/\/luxamedya.com\/wp-content\/uploads\/2026\/02\/luxa-seffaf.png 501w, https:\/\/luxamedya.com\/wp-content\/uploads\/2026\/02\/luxa-seffaf-300x300.png 300w, https:\/\/luxamedya.com\/wp-content\/uploads\/2026\/02\/luxa-seffaf-150x150.png 150w\" sizes=\"(max-width: 501px) 100vw, 501px\" \/>\t\t\t\t\t\t\t\t\t\t\t\t\t\t\t<\/div>\n\t\t\t\t\t<\/div>\n\t\t<\/div>\n\t\t\t\t\t<\/div>\n\t\t<\/section>\n\t\t\t\t<div class=\"elementor-element elementor-element-5d3f3994 elementor-widget elementor-widget-spacer\" data-id=\"5d3f3994\" data-element_type=\"widget\" data-widget_type=\"spacer.default\">\n\t\t\t\t\t\t\t<div class=\"elementor-spacer\">\n\t\t\t<div class=\"elementor-spacer-inner\"><\/div>\n\t\t<\/div>\n\t\t\t\t\t\t<\/div>\n\t\t\t\t<section class=\"elementor-section elementor-inner-section elementor-element elementor-element-66ae8347 elementor-section-boxed elementor-section-height-default elementor-section-height-default\" data-id=\"66ae8347\" data-element_type=\"section\">\n\t\t\t\t\t\t<div class=\"elementor-container elementor-column-gap-no\">\n\t\t\t\t\t<div class=\"elementor-column elementor-col-100 elementor-inner-column elementor-element elementor-element-337e314b\" data-id=\"337e314b\" data-element_type=\"column\">\n\t\t\t<div class=\"elementor-widget-wrap\">\n\t\t\t\t\t\t\t<\/div>\n\t\t<\/div>\n\t\t\t\t\t<\/div>\n\t\t<\/section>\n\t\t\t\t\t<\/div>\n\t\t<\/div>\n\t\t\t\t\t<\/div>\n\t\t<\/section>\n\t\t\t\t<section class=\"elementor-section elementor-top-section elementor-element elementor-element-3fa2d098 elementor-section-full_width elementor-section-height-default elementor-section-height-default\" data-id=\"3fa2d098\" data-element_type=\"section\">\n\t\t\t\t\t\t<div class=\"elementor-container elementor-column-gap-default\">\n\t\t\t\t\t<div class=\"elementor-column elementor-col-100 elementor-top-column elementor-element elementor-element-36c4f310\" data-id=\"36c4f310\" data-element_type=\"column\">\n\t\t\t<div class=\"elementor-widget-wrap elementor-element-populated\">\n\t\t\t\t\t\t<section class=\"elementor-section elementor-inner-section elementor-element elementor-element-5d3e8e4c elementor-section-full_width elementor-section-height-default elementor-section-height-default\" data-id=\"5d3e8e4c\" data-element_type=\"section\" data-settings=\"{&quot;background_background&quot;:&quot;classic&quot;}\">\n\t\t\t\t\t\t<div class=\"elementor-container elementor-column-gap-no\">\n\t\t\t\t\t<div class=\"elementor-column elementor-col-100 elementor-inner-column elementor-element elementor-element-53e56c61\" data-id=\"53e56c61\" data-element_type=\"column\">\n\t\t\t<div class=\"elementor-widget-wrap elementor-element-populated\">\n\t\t\t\t\t\t<div class=\"elementor-element elementor-element-3d088e3 elementor-widget elementor-widget-spacer\" data-id=\"3d088e3\" data-element_type=\"widget\" data-widget_type=\"spacer.default\">\n\t\t\t\t\t\t\t<div class=\"elementor-spacer\">\n\t\t\t<div class=\"elementor-spacer-inner\"><\/div>\n\t\t<\/div>\n\t\t\t\t\t\t<\/div>\n\t\t\t\t\t<\/div>\n\t\t<\/div>\n\t\t\t\t\t<\/div>\n\t\t<\/section>\n\t\t\t\t\t<\/div>\n\t\t<\/div>\n\t\t\t\t\t<\/div>\n\t\t<\/section>\n\t\t<div class=\"elementor-element elementor-element-6814262 e-flex e-con-boxed e-con e-parent\" data-id=\"6814262\" data-element_type=\"container\" data-settings=\"{&quot;background_background&quot;:&quot;classic&quot;}\">\n\t\t\t\t\t<div class=\"e-con-inner\">\n\t\t<div class=\"elementor-element elementor-element-de90e1d e-con-full e-flex e-con e-child\" data-id=\"de90e1d\" data-element_type=\"container\">\n\t\t\t\t<div class=\"elementor-element elementor-element-2c31f5f elementor-invisible elementor-widget elementor-widget-video\" data-id=\"2c31f5f\" data-element_type=\"widget\" data-settings=\"{&quot;video_type&quot;:&quot;vimeo&quot;,&quot;_animation&quot;:&quot;slideInLeft&quot;}\" data-widget_type=\"video.default\">\n\t\t\t\t\t\t\t<div class=\"elementor-wrapper elementor-open-inline\">\n\t\t\t<iframe class=\"elementor-video-iframe\" allowfullscreen allow=\"clipboard-write\" title=\"vimeo Video Oynat\u0131c\u0131\" src=\"https:\/\/player.vimeo.com\/video\/1122441620?color&amp;autopause=0&amp;loop=0&amp;muted=0&amp;title=0&amp;portrait=0&amp;byline=0#t=\"><\/iframe>\t\t<\/div>\n\t\t\t\t\t\t<\/div>\n\t\t\t\t<\/div>\n\t\t<div class=\"elementor-element elementor-element-769d5bf e-con-full e-flex e-con e-child\" data-id=\"769d5bf\" data-element_type=\"container\">\n\t\t\t\t<div class=\"elementor-element elementor-element-e0bb214 elementor-widget elementor-widget-heading\" data-id=\"e0bb214\" data-element_type=\"widget\" data-widget_type=\"heading.default\">\n\t\t\t\t\t<h3 class=\"elementor-heading-title elementor-size-default\">Dijital D\u00f6n\u00fc\u015f\u00fcmde Stratejik M\u00fchendislik<\/h3>\t\t\t\t<\/div>\n\t\t\t\t<div class=\"elementor-element elementor-element-501bc8e elementor-widget elementor-widget-text-editor\" data-id=\"501bc8e\" data-element_type=\"widget\" data-widget_type=\"text-editor.default\">\n\t\t\t\t\t\t\t\t\t<p data-path-to-node=\"3\"><b data-path-to-node=\"3\" data-index-in-node=\"0\">Luxa Medya<\/b> olarak misyonumuz; markalar\u0131n dijital d\u00fcnyadaki varl\u0131klar\u0131n\u0131 sadece &#8220;g\u00f6r\u00fcn\u00fcr&#8221; k\u0131lmak de\u011fil, bu varl\u0131\u011f\u0131 veri temelli stratejilerle <b data-path-to-node=\"3\" data-index-in-node=\"141\">s\u00fcrd\u00fcr\u00fclebilir bir otoriteye<\/b> d\u00f6n\u00fc\u015ft\u00fcrmektir. 2024 y\u0131l\u0131n\u0131n teknolojik imkanlar\u0131n\u0131 kullanarak, her markaya \u00f6zel optimize edilmi\u015f dijital ekosistemler in\u015fa ediyoruz.<\/p><h5 data-path-to-node=\"4\">Temel De\u011ferlerimiz ve Operasyonel Hedeflerimiz<\/h5><p data-path-to-node=\"5\">Bu misyonu ger\u00e7ekle\u015ftirmek i\u00e7in operasyonel s\u00fcre\u00e7lerimizi \u00fc\u00e7 ana disiplin \u00fczerinde kurguluyoruz:<\/p><ul data-path-to-node=\"6\"><li><p data-path-to-node=\"6,0,0\"><b data-path-to-node=\"6,0,0\" data-index-in-node=\"0\">Veri Odakl\u0131 Karar Mekanizmas\u0131:<\/b> Sezgisel yakla\u015f\u0131mlar yerine, pazar analizi ve kullan\u0131c\u0131 davran\u0131\u015f verilerini (Big Data) temel alarak hata pay\u0131n\u0131 minimize eden stratejiler geli\u015ftirmek.<\/p><\/li><li><p data-path-to-node=\"6,1,0\"><b data-path-to-node=\"6,1,0\" data-index-in-node=\"0\">Teknolojik Adaptasyon:<\/b> Yapay zeka destekli analiz ara\u00e7lar\u0131 ve g\u00fcncel yaz\u0131l\u0131m altyap\u0131lar\u0131yla, markalar\u0131m\u0131z\u0131 dijital evrimin en \u00f6n safhas\u0131nda konumland\u0131rmak.<\/p><\/li><li><p data-path-to-node=\"6,2,0\"><b data-path-to-node=\"6,2,0\" data-index-in-node=\"0\">S\u00fcrd\u00fcr\u00fclebilir B\u00fcy\u00fcme (Scalability):<\/b> Markalar\u0131n sadece bug\u00fcnk\u00fc ihtiya\u00e7lar\u0131n\u0131 de\u011fil, gelecekteki b\u00fcy\u00fcme potansiyellerini de hesaplayarak \u00f6l\u00e7eklenebilir dijital \u00e7\u00f6z\u00fcmler sunmak.<\/p><\/li><\/ul><h5 data-path-to-node=\"7\">Neyi Hedefliyoruz?<\/h5><p data-path-to-node=\"8\">Bizim i\u00e7in ba\u015far\u0131; bir payla\u015f\u0131m\u0131n ald\u0131\u011f\u0131 &#8220;be\u011feni&#8221; say\u0131s\u0131 de\u011fil, o i\u00e7eri\u011fin markan\u0131n <b data-path-to-node=\"8\" data-index-in-node=\"84\">yat\u0131r\u0131m getirisini (ROI)<\/b> ne kadar optimize etti\u011fidir. Luxa Medya, kreatif yarat\u0131c\u0131l\u0131\u011f\u0131 teknik disiplinle harmanlayarak, dijital d\u00fcnyada standartlar\u0131 belirleyen bir partner olmay\u0131 g\u00f6rev edinmi\u015ftir.<\/p><blockquote data-path-to-node=\"9\"><p data-path-to-node=\"9,0\"><strong>&#8220;Dijitalde tesad\u00fcflere yer b\u0131rakm\u0131yoruz; her ad\u0131m\u0131 veriden g\u00fc\u00e7 alarak tasarl\u0131yoruz.&#8221;<\/strong><\/p><\/blockquote>\t\t\t\t\t\t\t\t<\/div>\n\t\t\t\t<\/div>\n\t\t\t\t\t<\/div>\n\t\t\t\t<\/div>\n\t\t\t\t<\/div>\n\t\t","protected":false},"excerpt":{"rendered":"<p>M\u0130SYONUMUZ G\u00f6r\u00fcn\u00fcrl\u00fc\u011f\u00fcn \u00d6tesinde, Dijitalde S\u00fcrd\u00fcr\u00fclebilir Otorite https:\/\/vimeo.com\/1122441620?fl=ip&#038;fe=ec Dijital D\u00f6n\u00fc\u015f\u00fcmde Stratejik M\u00fchendislik Luxa Medya olarak misyonumuz; markalar\u0131n dijital d\u00fcnyadaki varl\u0131klar\u0131n\u0131 sadece &#8220;g\u00f6r\u00fcn\u00fcr&#8221; k\u0131lmak de\u011fil, bu varl\u0131\u011f\u0131 veri temelli stratejilerle s\u00fcrd\u00fcr\u00fclebilir bir otoriteye d\u00f6n\u00fc\u015ft\u00fcrmektir. 2024 y\u0131l\u0131n\u0131n teknolojik imkanlar\u0131n\u0131 kullanarak, her markaya \u00f6zel optimize edilmi\u015f dijital ekosistemler in\u015fa ediyoruz. Temel De\u011ferlerimiz ve Operasyonel Hedeflerimiz Bu misyonu ger\u00e7ekle\u015ftirmek i\u00e7in [&hellip;]<\/p>\n","protected":false},"author":1,"featured_media":0,"parent":0,"menu_order":0,"comment_status":"closed","ping_status":"closed","template":"","meta":{"footnotes":""},"class_list":["post-316","page","type-page","status-publish","hentry"],"_links":{"self":[{"href":"https:\/\/luxamedya.com\/index.php\/wp-json\/wp\/v2\/pages\/316","targetHints":{"allow":["GET"]}}],"collection":[{"href":"https:\/\/luxamedya.com\/index.php\/wp-json\/wp\/v2\/pages"}],"about":[{"href":"https:\/\/luxamedya.com\/index.php\/wp-json\/wp\/v2\/types\/page"}],"author":[{"embeddable":true,"href":"https:\/\/luxamedya.com\/index.php\/wp-json\/wp\/v2\/users\/1"}],"replies":[{"embeddable":true,"href":"https:\/\/luxamedya.com\/index.php\/wp-json\/wp\/v2\/comments?post=316"}],"version-history":[{"count":58,"href":"https:\/\/luxamedya.com\/index.php\/wp-json\/wp\/v2\/pages\/316\/revisions"}],"predecessor-version":[{"id":903,"href":"https:\/\/luxamedya.com\/index.php\/wp-json\/wp\/v2\/pages\/316\/revisions\/903"}],"wp:attachment":[{"href":"https:\/\/luxamedya.com\/index.php\/wp-json\/wp\/v2\/media?parent=316"}],"curies":[{"name":"wp","href":"https:\/\/api.w.org\/{rel}","templated":true}]}}